{"version":"1.0","provider_name":"Blog Termix Spain","provider_url":"https:\/\/termix.net\/blog\/es\/","author_name":"Termix Alicia","author_url":"https:\/\/termix.net\/blog\/es\/author\/aliciamotherstudio-net\/","title":"El secreto de las francesas para llevar un flequillo \u2018tr\u00e8s chic\u2019","type":"rich","width":600,"height":338,"html":"<blockquote class=\"wp-embedded-content\" data-secret=\"QDClx7tBmj\"><a href=\"https:\/\/termix.net\/blog\/es\/como-conseguir-el-flequillo-de-las-francesas\/\">El secreto de las francesas para llevar un flequillo \u2018tr\u00e8s chic\u2019<\/a><\/blockquote><iframe sandbox=\"allow-scripts\" security=\"restricted\" src=\"https:\/\/termix.net\/blog\/es\/como-conseguir-el-flequillo-de-las-francesas\/embed\/#?secret=QDClx7tBmj\" width=\"600\" height=\"338\" title=\"\u00abEl secreto de las francesas para llevar un flequillo \u2018tr\u00e8s chic\u2019\u00bb \u2014 Blog Termix Spain\" data-secret=\"QDClx7tBmj\" frameborder=\"0\" marginwidth=\"0\" marginheight=\"0\" scrolling=\"no\" class=\"wp-embedded-content\"><\/iframe><script type=\"text\/javascript\">\n\/*! This file is auto-generated *\/\n!function(c,l){\"use strict\";var e=!1,o=!1;if(l.querySelector)if(c.addEventListener)e=!0;if(c.wp=c.wp||{},c.wp.receiveEmbedMessage);else if(c.wp.receiveEmbedMessage=function(e){var t=e.data;if(!t);else if(!(t.secret||t.message||t.value));else if(\/[^a-zA-Z0-9]\/.test(t.secret));else{for(var r,s,a,i=l.querySelectorAll('iframe[data-secret=\"'+t.secret+'\"]'),n=l.querySelectorAll('blockquote[data-secret=\"'+t.secret+'\"]'),o=0;o<n.length;o++)n[o].style.display=\"none\";for(o=0;o<i.length;o++)if(r=i[o],e.source!==r.contentWindow);else{if(r.removeAttribute(\"style\"),\"height\"===t.message){if(1e3<(s=parseInt(t.value,10)))s=1e3;else if(~~s<200)s=200;r.height=s}if(\"link\"===t.message)if(s=l.createElement(\"a\"),a=l.createElement(\"a\"),s.href=r.getAttribute(\"src\"),a.href=t.value,a.host===s.host)if(l.activeElement===r)c.top.location.href=t.value}}},e)c.addEventListener(\"message\",c.wp.receiveEmbedMessage,!1),l.addEventListener(\"DOMContentLoaded\",t,!1),c.addEventListener(\"load\",t,!1);function t(){if(o);else{o=!0;for(var e,t,r,s=-1!==navigator.appVersion.indexOf(\"MSIE 10\"),a=!!navigator.userAgent.match(\/Trident.*rv:11\\.\/),i=l.querySelectorAll(\"iframe.wp-embedded-content\"),n=0;n<i.length;n++){if(!(r=(t=i[n]).getAttribute(\"data-secret\")))r=Math.random().toString(36).substr(2,10),t.src+=\"#?secret=\"+r,t.setAttribute(\"data-secret\",r);if(s||a)(e=t.cloneNode(!0)).removeAttribute(\"security\"),t.parentNode.replaceChild(e,t);t.contentWindow.postMessage({message:\"ready\",secret:r},\"*\")}}}}(window,document);\n<\/script>\n","thumbnail_url":"https:\/\/termix.net\/blog\/wp-content\/uploads\/2021\/11\/caroline-de-maigret-flequillo-estilo-frances-termix.jpg","thumbnail_width":1000,"thumbnail_height":700,"description":"El flequillo es el accesorio perfecto para cualquier corte, le da definici\u00f3n y car\u00e1cter. Pero el punto diferente lo a\u00f1aden las chicas francesas. Su flequillo tiene ese je ne sais pas que les aporta ese punto chic de manera autom\u00e1tica. \u00bfC\u00f3mo es exactamente su corte? \u00bfC\u00f3mo lo cuidan? \u00a1Descubre todos sus secretos con Termix!"}

El secreto de las francesas para llevar un flequillo ‘très chic’

<blockquote class="wp-embedded-content" data-secret="QDClx7tBmj"><a href="https://termix.net/blog/es/como-conseguir-el-flequillo-de-las-francesas/">El secreto de las francesas para llevar un flequillo ‘très chic’</a></blockquote><iframe sandbox="allow-scripts" security="restricted" src="https://termix.net/blog/es/como-conseguir-el-flequillo-de-las-francesas/embed/#?secret=QDClx7tBmj" width="600" height="338" title="«El secreto de las francesas para llevar un flequillo ‘très chic’» — Blog Termix Spain" data-secret="QDClx7tBmj" frameborder="0" marginwidth="0" marginheight="0" scrolling="no" class="wp-embedded-content"></iframe><script type="text/javascript">
/*! This file is auto-generated */
!function(c,l){"use strict";var e=!1,o=!1;if(l.querySelector)if(c.addEventListener)e=!0;if(c.wp=c.wp||{},c.wp.receiveEmbedMessage);else if(c.wp.receiveEmbedMessage=function(e){var t=e.data;if(!t);else if(!(t.secret||t.message||t.value));else if(/[^a-zA-Z0-9]/.test(t.secret));else{for(var r,s,a,i=l.querySelectorAll('iframe[data-secret="'+t.secret+'"]'),n=l.querySelectorAll('blockquote[data-secret="'+t.secret+'"]'),o=0;o<n.length;o++)n[o].style.display="none";for(o=0;o<i.length;o++)if(r=i[o],e.source!==r.contentWindow);else{if(r.removeAttribute("style"),"height"===t.message){if(1e3<(s=parseInt(t.value,10)))s=1e3;else if(~~s<200)s=200;r.height=s}if("link"===t.message)if(s=l.createElement("a"),a=l.createElement("a"),s.href=r.getAttribute("src"),a.href=t.value,a.host===s.host)if(l.activeElement===r)c.top.location.href=t.value}}},e)c.addEventListener("message",c.wp.receiveEmbedMessage,!1),l.addEventListener("DOMContentLoaded",t,!1),c.addEventListener("load",t,!1);function t(){if(o);else{o=!0;for(var e,t,r,s=-1!==navigator.appVersion.indexOf("MSIE 10"),a=!!navigator.userAgent.match(/Trident.*rv:11\./),i=l.querySelectorAll("iframe.wp-embedded-content"),n=0;n<i.length;n++){if(!(r=(t=i[n]).getAttribute("data-secret")))r=Math.random().toString(36).substr(2,10),t.src+="#?secret="+r,t.setAttribute("data-secret",r);if(s||a)(e=t.cloneNode(!0)).removeAttribute("security"),t.parentNode.replaceChild(e,t);t.contentWindow.postMessage({message:"ready",secret:r},"*")}}}}(window,document);
</script>

El flequillo es el accesorio perfecto para cualquier corte, le da definición y carácter. Pero el punto diferente lo añaden las chicas francesas. Su flequillo tiene ese je ne sais pas que les aporta ese punto chic de manera automática. ¿Cómo es exactamente su corte? ¿Cómo lo cuidan? ¡Descubre todos sus secretos con Termix!
